571, 1231
List the prime factors of 3060728766.
2, 3, 31, 5485177
List the prime factors of 2184860701.
32077, 68113
What are the prime factors of 172758878?
2, 86379439
List the prime factors of 141916411.
7, 13, 1559521
List the prime factors of 272101797.
3, 11, 2748503
List the prime factors of 81215390.
2, 5, 43, 67, 2819
What are the prime factors of 37223349?
3, 719, 17257
List the prime factors of 442515838.
2, 43, 61, 67, 1259
List the prime factors of 149761658.
2, 139, 538711
What are the prime factors of 2029895043?
3, 11, 61511971
What are the prime factors of 1797800718?
2, 3, 7, 41, 1044019
List the prime factors of 221078812.
2, 17, 3251159
What are the prime factors of 46724811?
3, 7, 2224991
List the prime factors of 524259761.
19, 47, 12491
List the prime factors of 60042023.
139, 461, 937
What are the prime factors of 145295990?
2, 5, 7, 2075657
List the prime factors of 629600166.
2, 3, 13, 2690599
List the prime factors of 541948853.
541948853
What are the prime factors of 21676007?
21676007
List the prime factors of 618640335.
3, 5, 89, 1907
List the prime factors of 1281164066.
2, 7, 13, 7039363
What are the prime factors of 167248874?
2, 13, 6432649
What are the prime factors of 3375016922?
2, 109, 1181, 13109
List the prime factors of 2704274834.
2, 97, 13939561
List the prime factors of 580772921.
17, 43, 794491
What are the prime factors of 71953903?
7, 1468447
List the prime factors of 5273700.
2, 3, 5, 17579
What are the prime factors of 274443733?
17, 19, 29, 83, 353
What are the prime factors of 5201744?
2, 19, 71, 241
List the prime factors of 1141338066.
2, 3, 11, 1572091
What are the prime factors of 95917505?
5, 37, 518473
List the prime factors of 154718450.
2, 5, 193, 16033
What are the prime factors of 30843199?
30843199
What are the prime factors of 1463443?
383, 3821
List the prime factors of 158267779.
1031, 153509
What are the prime factors of 29515843?
7, 107, 157, 251
List the prime factors of 53773783.
7, 7681969
What are the prime factors of 5089531141?
5089531141
What are the prime factors of 60843711?
3, 29, 179, 3907
List the prime factors of 16255554.
2, 3, 7, 55291
What are the prime factors of 392404521?
3, 61, 2144287
What are the prime factors of 195610896?
2, 3, 13, 61, 571
What are the prime factors of 3576187584?
2, 3, 689851
List the prime factors of 10028061.
3, 47, 151, 157
What are the prime factors of 358287689?
479, 747991
List the prime factors of 1296631039.
11, 71, 150929
List the prime factors of 688271273.
688271273
What are the prime factors of 517340983?
211, 509, 4817
List the prime factors of 208349886.
2, 3, 37, 59, 15907
What are the prime factors of 174204062?
2, 131, 337, 1973
List the prime factors of 741599793.
3, 11, 47, 5903
List the prime factors of 72249913.
19, 41, 163, 569
What are the prime factors of 168329179?
168329179
What are the prime factors of 510135255?
3, 5, 7, 137, 11821
List the prime factors of 145617655.
5, 29123531
What are the prime factors of 62903530?
2, 5, 97, 64849
What are the prime factors of 135689806?
2, 7, 911, 10639
What are the prime factors of 836427552?
2, 3, 41, 212507
List the prime factors of 786994668.
2, 3, 17, 19, 53, 1277
List the prime factors of 77215972.
2, 17, 149, 7621
List the prime factors of 314324011.
19, 29, 570461
What are the prime factors of 343492453?
343492453
What are the prime factors of 70589292?
2, 3, 113, 52057
List the prime factors of 664068218.
2, 11, 30184919
List the prime factors of 1151376362.
2, 463, 1243387
What are the prime factors of 27391528?
2, 23, 148867
List the prime factors of 374415225.
3, 5, 17, 293659
What are the prime factors of 7295707?
761, 9587
List the prime factors of 568435877.
43, 13219439
List the prime factors of 218696328.
2, 3, 23, 44021
List the prime factors of 298521904.
2, 17, 137, 8011
What are the prime factors of 2570552594?
2, 281, 4573937
What are the prime factors of 13556976?
2, 3, 53, 73
What are the prime factors of 196938047?
17, 41, 59, 4789
What are the prime factors of 54525893?
23, 283, 8377
List the prime factors of 348730304.
2, 13, 419147
List the prime factors of 31451475.
3, 5, 11, 67, 569
List the prime factors of 1939687958.
2, 13, 53, 1407611
List the prime factors of 45108005.
5, 9021601
List the prime factors of 63392660.
2, 5, 17, 47, 3967
What are the prime factors of 2170460668?
2, 19, 28558693
What are the prime factors of 3672833070?
2, 3, 5, 863, 141863
List the prime factors of 18367482.
2, 3, 7, 437321
What are the prime factors of 66705158?
2, 13, 727, 3529
List the prime factors of 364545888.
2, 3, 7, 11071
What are the prime factors of 43211158?
2, 23, 939373
What are the prime factors of 270096365?
5, 7, 11, 701549
List the prime factors of 123621995.
5, 7, 37, 95461
List the prime factors of 92574679.
41, 809, 2791
What are the prime factors of 731616768?
2, 3, 158771
What are the prime factors of 981423452?
2, 29, 291743
List the prime factors of 85424985.
3, 5, 269, 7057
List the prime factors of 102879375.
3, 5, 54869
What are the prime factors of 2691256696?
2, 1289, 260983
What are the prime factors of 175791493?
139, 1264687
List the prime factors of 226516360.
2, 5, 7, 431, 1877
List the prime factors of 1855935074.
2, 7, 127, 149119
What are the prime factors of 786546706?
2, 11, 41, 79273
List the prime factors of 350540534.
2, 175270267
What are the prime factors of 47298449?
11, 29, 67, 2213
What are the prime factors of 35479212?
2, 3, 1429, 2069
What are the prime factors of 60363705?
3, 5, 431, 9337
What are the prime factors of 13824642?
2, 3, 13, 177239
List the prime factors of 19983187.
7, 613, 4657
What are the prime factors of 473497477?
2591, 182747
What are the prime factors of 23522942?
2, 61, 192811
What are the prime factors of 145533175?
5, 17, 20143
What are the prime factors of 4334952915?
3, 5, 29, 829, 4007
What are the prime factors of 111839252?
2, 7, 1013, 3943
What are the prime factors of 102126467?
102126467
List the prime factors of 147490761.
3, 11, 4469417
List the prime factors of 61788676.
2, 17, 29, 31333
What are the prime factors of 27739021?
27739021
List the prime factors of 86702655.
3, 5, 13, 37, 61, 197
List the prime factors of 3735514.
2, 19, 197, 499
List the prime factors of 154707515.
5, 31, 109, 9157
List the prime factors of 1142808565.
5, 228561713
List the prime factors of 4834908659.
7, 37, 47, 397183
List the prime factors of 6939381688.
2, 867422711
What are the prime factors of 7690013895?
3, 5, 9679, 52967
What are the prime factors of 19775281?
19775281
What are the prime factors of 239048194?
2, 7, 11, 37, 41953
List the prime factors of 81006080.
2, 5, 31643
What are the prime factors of 138685898?
2, 13, 17, 18457
List the prime factors of 1476704391.
3, 53, 641, 14489
List the prime factors of 129104319.
3, 43034773
What are the prime factors of 816536576?
2, 797399
List the prime factors of 16402311.
3, 607493
List the prime factors of 2015533704.
2, 3, 1399, 60029
What are the prime factors of 413781179?
7, 103, 573899
List the prime factors of 10330307.
13, 127, 6257
List the prime factors of 127854141.
3, 307, 138821
What are the prime factors of 468009242?
2, 13513, 17317
What are the prime factors of 49002220?
2, 5, 271, 9041
What are the prime factors of 728466590?
2, 5, 72846659
List the prime factors of 96900435.
3, 5, 503, 1427
List the prime factors of 148506127.
7, 11, 59, 97, 337
List the prime factors of 137372984.
2, 7, 2453089
What are the prime factors of 3470152067?
3470152067
List the prime factors of 2014537906.
2, 1007268953
List the prime factors of 374518420.
2, 5, 18725921
What are the prime factors of 3872112784?
2, 31, 103, 75793
What are the prime factors of 31619267?
31619267
List the prime factors of 1140803238.
2, 3, 67, 281, 10099
List the prime factors of 1164010729.
7, 29, 819149
List the prime factors of 53860376.
2, 107, 62921
What are the prime factors of 136704331?
53, 97, 26591
List the prime factors of 672639769.
672639769
What are the prime factors of 70474992?
2, 3, 7, 137, 1531
List the prime factors of 1729455281.
29, 79, 754891
What are the prime factors of 152933959?
59, 181, 14321
What are the prime factors of 151